{"id":6813,"date":"2026-03-26T07:41:21","date_gmt":"2026-03-26T07:41:21","guid":{"rendered":"https:\/\/tamishop.pe\/?product=mouse-genius-ergo-8300s-wireless-vertical-7-bot-black-31030037400"},"modified":"2026-03-26T07:41:21","modified_gmt":"2026-03-26T07:41:21","slug":"mouse-genius-ergo-8300s-wireless-vertical-7-bot-black-31030037400","status":"publish","type":"product","link":"https:\/\/tamishop.pe\/?product=mouse-genius-ergo-8300s-wireless-vertical-7-bot-black-31030037400","title":{"rendered":"MOUSE GENIUS ERGO 8300S WIRELESS VERTICAL 7-BOT BLACK (31030037400)"},"content":{"rendered":"<p>Dise\u00f1ado para tu salud y confort. Este mouse inal\u00e1mbrico (2.4Ghz) tiene un dise\u00f1o vertical que coloca la mu\u00f1eca en una posici\u00f3n natural (tipo \u00abhandshake\u00bb), reduciendo la tensi\u00f3n. Cuenta con 7 botones para m\u00e1xima productividad.<\/p>\n","protected":false},"excerpt":{"rendered":"<p>Mouse inal\u00e1mbrico (Wireless) vertical ergon\u00f3mico con 7 botones. Reduce la tensi\u00f3n en la mu\u00f1eca.<\/p>\n","protected":false},"featured_media":0,"comment_status":"open","ping_status":"closed","template":"","meta":[],"product_brand":[],"product_cat":[737],"product_tag":[],"class_list":{"0":"post-6813","1":"product","2":"type-product","3":"status-publish","5":"product_cat-mouse","7":"first","8":"instock","9":"taxable","10":"shipping-taxable","11":"purchasable","12":"product-type-simple"},"_links":{"self":[{"href":"https:\/\/tamishop.pe\/index.php?rest_route=\/wp\/v2\/product\/6813","targetHints":{"allow":["GET"]}}],"collection":[{"href":"https:\/\/tamishop.pe\/index.php?rest_route=\/wp\/v2\/product"}],"about":[{"href":"https:\/\/tamishop.pe\/index.php?rest_route=\/wp\/v2\/types\/product"}],"replies":[{"embeddable":true,"href":"https:\/\/tamishop.pe\/index.php?rest_route=%2Fwp%2Fv2%2Fcomments&post=6813"}],"wp:attachment":[{"href":"https:\/\/tamishop.pe\/index.php?rest_route=%2Fwp%2Fv2%2Fmedia&parent=6813"}],"wp:term":[{"taxonomy":"product_brand","embeddable":true,"href":"https:\/\/tamishop.pe\/index.php?rest_route=%2Fwp%2Fv2%2Fproduct_brand&post=6813"},{"taxonomy":"product_cat","embeddable":true,"href":"https:\/\/tamishop.pe\/index.php?rest_route=%2Fwp%2Fv2%2Fproduct_cat&post=6813"},{"taxonomy":"product_tag","embeddable":true,"href":"https:\/\/tamishop.pe\/index.php?rest_route=%2Fwp%2Fv2%2Fproduct_tag&post=6813"}],"curies":[{"name":"wp","href":"https:\/\/api.w.org\/{rel}","templated":true}]}}