{"id":6811,"date":"2026-03-26T07:41:21","date_gmt":"2026-03-26T07:41:21","guid":{"rendered":"https:\/\/tamishop.pe\/?product=mouse-genius-eco-8100-recargable-wireless-blueeye-black-31030046400"},"modified":"2026-03-26T07:41:21","modified_gmt":"2026-03-26T07:41:21","slug":"mouse-genius-eco-8100-recargable-wireless-blueeye-black-31030046400","status":"publish","type":"product","link":"https:\/\/tamishop.pe\/?product=mouse-genius-eco-8100-recargable-wireless-blueeye-black-31030046400","title":{"rendered":"MOUSE GENIUS ECO-8100 RECARGABLE WIRELESS BLUEEYE BLACK (31030046400)"},"content":{"rendered":"<p>Olv\u00eddate de las pilas. Este mouse inal\u00e1mbrico (2.4Ghz) es recargable (bater\u00eda de NiMH) y amigable con el medio ambiente. Su sensor BlueEye de alta precisi\u00f3n funciona sobre vidrio, m\u00e1rmol o alfombras.<\/p>\n","protected":false},"excerpt":{"rendered":"<p>Mouse inal\u00e1mbrico (Wireless) recargable con sensor BlueEye que funciona en (casi) cualquier superficie.<\/p>\n","protected":false},"featured_media":6529,"comment_status":"open","ping_status":"closed","template":"","meta":[],"product_brand":[],"product_cat":[737],"product_tag":[],"class_list":{"0":"post-6811","1":"product","2":"type-product","3":"status-publish","4":"has-post-thumbnail","6":"product_cat-mouse","8":"first","9":"instock","10":"taxable","11":"shipping-taxable","12":"purchasable","13":"product-type-simple"},"_links":{"self":[{"href":"https:\/\/tamishop.pe\/index.php?rest_route=\/wp\/v2\/product\/6811","targetHints":{"allow":["GET"]}}],"collection":[{"href":"https:\/\/tamishop.pe\/index.php?rest_route=\/wp\/v2\/product"}],"about":[{"href":"https:\/\/tamishop.pe\/index.php?rest_route=\/wp\/v2\/types\/product"}],"replies":[{"embeddable":true,"href":"https:\/\/tamishop.pe\/index.php?rest_route=%2Fwp%2Fv2%2Fcomments&post=6811"}],"wp:featuredmedia":[{"embeddable":true,"href":"https:\/\/tamishop.pe\/index.php?rest_route=\/wp\/v2\/media\/6529"}],"wp:attachment":[{"href":"https:\/\/tamishop.pe\/index.php?rest_route=%2Fwp%2Fv2%2Fmedia&parent=6811"}],"wp:term":[{"taxonomy":"product_brand","embeddable":true,"href":"https:\/\/tamishop.pe\/index.php?rest_route=%2Fwp%2Fv2%2Fproduct_brand&post=6811"},{"taxonomy":"product_cat","embeddable":true,"href":"https:\/\/tamishop.pe\/index.php?rest_route=%2Fwp%2Fv2%2Fproduct_cat&post=6811"},{"taxonomy":"product_tag","embeddable":true,"href":"https:\/\/tamishop.pe\/index.php?rest_route=%2Fwp%2Fv2%2Fproduct_tag&post=6811"}],"curies":[{"name":"wp","href":"https:\/\/api.w.org\/{rel}","templated":true}]}}