{"id":6801,"date":"2026-03-26T07:41:18","date_gmt":"2026-03-26T07:41:18","guid":{"rendered":"https:\/\/tamishop.pe\/?product=microfono-genius-mic-100u-p-video-conferencia-black-31700001400"},"modified":"2026-03-26T07:41:18","modified_gmt":"2026-03-26T07:41:18","slug":"microfono-genius-mic-100u-p-video-conferencia-black-31700001400","status":"publish","type":"product","link":"https:\/\/tamishop.pe\/?product=microfono-genius-mic-100u-p-video-conferencia-black-31700001400","title":{"rendered":"MICROFONO GENIUS MIC-100U P\/VIDEO CONFERENCIA BLACK (31700001400)"},"content":{"rendered":"<p>Un micr\u00f3fono de escritorio USB (Plug and Play) dise\u00f1ado para videoconferencias. Ofrece captaci\u00f3n de voz omnidireccional (360 grados), asegurando que todos en la sala sean escuchados con claridad.<\/p>\n","protected":false},"excerpt":{"rendered":"<p>Micr\u00f3fono de escritorio USB (Plug and Play) con captaci\u00f3n omnidireccional. Ideal para videoconferencias.<\/p>\n","protected":false},"featured_media":6520,"comment_status":"open","ping_status":"closed","template":"","meta":[],"product_brand":[],"product_cat":[736],"product_tag":[],"class_list":{"0":"post-6801","1":"product","2":"type-product","3":"status-publish","4":"has-post-thumbnail","6":"product_cat-microfonos","8":"first","9":"instock","10":"taxable","11":"shipping-taxable","12":"purchasable","13":"product-type-simple"},"_links":{"self":[{"href":"https:\/\/tamishop.pe\/index.php?rest_route=\/wp\/v2\/product\/6801","targetHints":{"allow":["GET"]}}],"collection":[{"href":"https:\/\/tamishop.pe\/index.php?rest_route=\/wp\/v2\/product"}],"about":[{"href":"https:\/\/tamishop.pe\/index.php?rest_route=\/wp\/v2\/types\/product"}],"replies":[{"embeddable":true,"href":"https:\/\/tamishop.pe\/index.php?rest_route=%2Fwp%2Fv2%2Fcomments&post=6801"}],"wp:featuredmedia":[{"embeddable":true,"href":"https:\/\/tamishop.pe\/index.php?rest_route=\/wp\/v2\/media\/6520"}],"wp:attachment":[{"href":"https:\/\/tamishop.pe\/index.php?rest_route=%2Fwp%2Fv2%2Fmedia&parent=6801"}],"wp:term":[{"taxonomy":"product_brand","embeddable":true,"href":"https:\/\/tamishop.pe\/index.php?rest_route=%2Fwp%2Fv2%2Fproduct_brand&post=6801"},{"taxonomy":"product_cat","embeddable":true,"href":"https:\/\/tamishop.pe\/index.php?rest_route=%2Fwp%2Fv2%2Fproduct_cat&post=6801"},{"taxonomy":"product_tag","embeddable":true,"href":"https:\/\/tamishop.pe\/index.php?rest_route=%2Fwp%2Fv2%2Fproduct_tag&post=6801"}],"curies":[{"name":"wp","href":"https:\/\/api.w.org\/{rel}","templated":true}]}}