{"id":6793,"date":"2026-03-26T07:41:15","date_gmt":"2026-03-26T07:41:15","guid":{"rendered":"https:\/\/tamishop.pe\/?product=estabilizador-cdp-r-avr2408i-2400va-1800w-8-salidas-r-avr2408i"},"modified":"2026-03-26T07:41:15","modified_gmt":"2026-03-26T07:41:15","slug":"estabilizador-cdp-r-avr2408i-2400va-1800w-8-salidas-r-avr2408i","status":"publish","type":"product","link":"https:\/\/tamishop.pe\/?product=estabilizador-cdp-r-avr2408i-2400va-1800w-8-salidas-r-avr2408i","title":{"rendered":"ESTABILIZADOR CDP R-AVR2408I 2400VA\/1800W 8 SALIDAS (R-AVR2408I)"},"content":{"rendered":"<p>Protecci\u00f3n robusta para m\u00faltiples equipos. Este estabilizador de alta capacidad (2400VA \/ 1800W) es ideal para setups de gaming o peque\u00f1as oficinas. Sus 8 salidas regulan el voltaje autom\u00e1ticamente, previniendo da\u00f1os por fluctuaciones el\u00e9ctricas.<\/p>\n","protected":false},"excerpt":{"rendered":"<p>Estabilizador (AVR) de alta capacidad (2400VA\/1800W) con 8 salidas para setups exigentes.<\/p>\n","protected":false},"featured_media":6476,"comment_status":"open","ping_status":"closed","template":"","meta":[],"product_brand":[],"product_cat":[2575],"product_tag":[],"class_list":{"0":"post-6793","1":"product","2":"type-product","3":"status-publish","4":"has-post-thumbnail","6":"product_cat-estabilizador-2","8":"first","9":"instock","10":"taxable","11":"shipping-taxable","12":"purchasable","13":"product-type-simple"},"_links":{"self":[{"href":"https:\/\/tamishop.pe\/index.php?rest_route=\/wp\/v2\/product\/6793","targetHints":{"allow":["GET"]}}],"collection":[{"href":"https:\/\/tamishop.pe\/index.php?rest_route=\/wp\/v2\/product"}],"about":[{"href":"https:\/\/tamishop.pe\/index.php?rest_route=\/wp\/v2\/types\/product"}],"replies":[{"embeddable":true,"href":"https:\/\/tamishop.pe\/index.php?rest_route=%2Fwp%2Fv2%2Fcomments&post=6793"}],"wp:featuredmedia":[{"embeddable":true,"href":"https:\/\/tamishop.pe\/index.php?rest_route=\/wp\/v2\/media\/6476"}],"wp:attachment":[{"href":"https:\/\/tamishop.pe\/index.php?rest_route=%2Fwp%2Fv2%2Fmedia&parent=6793"}],"wp:term":[{"taxonomy":"product_brand","embeddable":true,"href":"https:\/\/tamishop.pe\/index.php?rest_route=%2Fwp%2Fv2%2Fproduct_brand&post=6793"},{"taxonomy":"product_cat","embeddable":true,"href":"https:\/\/tamishop.pe\/index.php?rest_route=%2Fwp%2Fv2%2Fproduct_cat&post=6793"},{"taxonomy":"product_tag","embeddable":true,"href":"https:\/\/tamishop.pe\/index.php?rest_route=%2Fwp%2Fv2%2Fproduct_tag&post=6793"}],"curies":[{"name":"wp","href":"https:\/\/api.w.org\/{rel}","templated":true}]}}