{"id":6788,"date":"2026-03-26T07:41:12","date_gmt":"2026-03-26T07:41:12","guid":{"rendered":"https:\/\/tamishop.pe\/?product=docking-station-logitech-vc-b2b-uc-logi-dock-986-000025"},"modified":"2026-03-26T07:41:13","modified_gmt":"2026-03-26T07:41:13","slug":"docking-station-logitech-vc-b2b-uc-logi-dock-986-000025","status":"publish","type":"product","link":"https:\/\/tamishop.pe\/?product=docking-station-logitech-vc-b2b-uc-logi-dock-986-000025","title":{"rendered":"DOCKING STATION LOGITECH VC B2B UC LOGI DOCK (986-000025)*"},"content":{"rendered":"<p>El centro de tu espacio de trabajo (B2B). Este docking station (UC) no solo conecta todos tus perif\u00e9ricos (monitores, USB) con un solo cable, sino que tambi\u00e9n funciona como un altavoz de calidad superior para m\u00fasica y reuniones, con controles t\u00e1ctiles integrados y carga de laptop.<\/p>\n","protected":false},"excerpt":{"rendered":"<p>Docking station B2B todo-en-uno: conecta perif\u00e9ricos, carga la laptop y funciona como altavoz premium para reuniones.<\/p>\n","protected":false},"featured_media":6562,"comment_status":"open","ping_status":"closed","template":"","meta":[],"product_brand":[],"product_cat":[728],"product_tag":[],"class_list":{"0":"post-6788","1":"product","2":"type-product","3":"status-publish","4":"has-post-thumbnail","6":"product_cat-accesorios-2","8":"first","9":"instock","10":"taxable","11":"shipping-taxable","12":"purchasable","13":"product-type-simple"},"_links":{"self":[{"href":"https:\/\/tamishop.pe\/index.php?rest_route=\/wp\/v2\/product\/6788","targetHints":{"allow":["GET"]}}],"collection":[{"href":"https:\/\/tamishop.pe\/index.php?rest_route=\/wp\/v2\/product"}],"about":[{"href":"https:\/\/tamishop.pe\/index.php?rest_route=\/wp\/v2\/types\/product"}],"replies":[{"embeddable":true,"href":"https:\/\/tamishop.pe\/index.php?rest_route=%2Fwp%2Fv2%2Fcomments&post=6788"}],"wp:featuredmedia":[{"embeddable":true,"href":"https:\/\/tamishop.pe\/index.php?rest_route=\/wp\/v2\/media\/6562"}],"wp:attachment":[{"href":"https:\/\/tamishop.pe\/index.php?rest_route=%2Fwp%2Fv2%2Fmedia&parent=6788"}],"wp:term":[{"taxonomy":"product_brand","embeddable":true,"href":"https:\/\/tamishop.pe\/index.php?rest_route=%2Fwp%2Fv2%2Fproduct_brand&post=6788"},{"taxonomy":"product_cat","embeddable":true,"href":"https:\/\/tamishop.pe\/index.php?rest_route=%2Fwp%2Fv2%2Fproduct_cat&post=6788"},{"taxonomy":"product_tag","embeddable":true,"href":"https:\/\/tamishop.pe\/index.php?rest_route=%2Fwp%2Fv2%2Fproduct_tag&post=6788"}],"curies":[{"name":"wp","href":"https:\/\/api.w.org\/{rel}","templated":true}]}}