{"id":6776,"date":"2026-03-26T07:41:09","date_gmt":"2026-03-26T07:41:09","guid":{"rendered":"https:\/\/tamishop.pe\/?product=camara-logitech-c270-hd-720p-960-000694-p"},"modified":"2026-03-26T07:41:09","modified_gmt":"2026-03-26T07:41:09","slug":"camara-logitech-c270-hd-720p-960-000694-p","status":"publish","type":"product","link":"https:\/\/tamishop.pe\/?product=camara-logitech-c270-hd-720p-960-000694-p","title":{"rendered":"CAMARA LOGITECH C270 HD 720P (960-000694)-P"},"content":{"rendered":"<p>La webcam HD 720p esencial. Perfecta para videollamadas b\u00e1sicas, ofrece una imagen clara, un micr\u00f3fono integrado con reducci\u00f3n de ruido y la tecnolog\u00eda RightLight que ajusta la imagen a la iluminaci\u00f3n de tu habitaci\u00f3n.<\/p>\n","protected":false},"excerpt":{"rendered":"<p>La webcam HD 720p cl\u00e1sica. Sencilla, fiable, con micr\u00f3fono y correcci\u00f3n de luz (RightLight).<\/p>\n","protected":false},"featured_media":6622,"comment_status":"open","ping_status":"closed","template":"","meta":[],"product_brand":[],"product_cat":[734],"product_tag":[],"class_list":{"0":"post-6776","1":"product","2":"type-product","3":"status-publish","4":"has-post-thumbnail","6":"product_cat-camara","8":"first","9":"instock","10":"taxable","11":"shipping-taxable","12":"purchasable","13":"product-type-simple"},"_links":{"self":[{"href":"https:\/\/tamishop.pe\/index.php?rest_route=\/wp\/v2\/product\/6776","targetHints":{"allow":["GET"]}}],"collection":[{"href":"https:\/\/tamishop.pe\/index.php?rest_route=\/wp\/v2\/product"}],"about":[{"href":"https:\/\/tamishop.pe\/index.php?rest_route=\/wp\/v2\/types\/product"}],"replies":[{"embeddable":true,"href":"https:\/\/tamishop.pe\/index.php?rest_route=%2Fwp%2Fv2%2Fcomments&post=6776"}],"wp:featuredmedia":[{"embeddable":true,"href":"https:\/\/tamishop.pe\/index.php?rest_route=\/wp\/v2\/media\/6622"}],"wp:attachment":[{"href":"https:\/\/tamishop.pe\/index.php?rest_route=%2Fwp%2Fv2%2Fmedia&parent=6776"}],"wp:term":[{"taxonomy":"product_brand","embeddable":true,"href":"https:\/\/tamishop.pe\/index.php?rest_route=%2Fwp%2Fv2%2Fproduct_brand&post=6776"},{"taxonomy":"product_cat","embeddable":true,"href":"https:\/\/tamishop.pe\/index.php?rest_route=%2Fwp%2Fv2%2Fproduct_cat&post=6776"},{"taxonomy":"product_tag","embeddable":true,"href":"https:\/\/tamishop.pe\/index.php?rest_route=%2Fwp%2Fv2%2Fproduct_tag&post=6776"}],"curies":[{"name":"wp","href":"https:\/\/api.w.org\/{rel}","templated":true}]}}