{"id":6766,"date":"2026-03-26T07:41:06","date_gmt":"2026-03-26T07:41:06","guid":{"rendered":"https:\/\/tamishop.pe\/?product=camara-logitech-b2b-rally-bar-4k-usb-graphite-960-001310"},"modified":"2026-03-26T07:41:06","modified_gmt":"2026-03-26T07:41:06","slug":"camara-logitech-b2b-rally-bar-4k-usb-graphite-960-001310","status":"publish","type":"product","link":"https:\/\/tamishop.pe\/?product=camara-logitech-b2b-rally-bar-4k-usb-graphite-960-001310","title":{"rendered":"CAMARA LOGITECH B2B RALLY BAR 4K USB GRAPHITE (960-001310)"},"content":{"rendered":"<p>La soluci\u00f3n todo-en-uno (B2B) para salas medianas a grandes. Combina una c\u00e1mara PTZ 4K motorizada, altavoces potentes y un array de micr\u00f3fonos (beamforming). Funciona en modo USB (conectada a PC) o como dispositivo independiente (Android).<\/p>\n","protected":false},"excerpt":{"rendered":"<p>Barra de video 4K (B2B) todo-en-uno para salas medianas\/grandes. PTZ, audio beamforming y IA.<\/p>\n","protected":false},"featured_media":6610,"comment_status":"open","ping_status":"closed","template":"","meta":[],"product_brand":[],"product_cat":[734],"product_tag":[],"class_list":{"0":"post-6766","1":"product","2":"type-product","3":"status-publish","4":"has-post-thumbnail","6":"product_cat-camara","8":"first","9":"instock","10":"taxable","11":"shipping-taxable","12":"purchasable","13":"product-type-simple"},"_links":{"self":[{"href":"https:\/\/tamishop.pe\/index.php?rest_route=\/wp\/v2\/product\/6766","targetHints":{"allow":["GET"]}}],"collection":[{"href":"https:\/\/tamishop.pe\/index.php?rest_route=\/wp\/v2\/product"}],"about":[{"href":"https:\/\/tamishop.pe\/index.php?rest_route=\/wp\/v2\/types\/product"}],"replies":[{"embeddable":true,"href":"https:\/\/tamishop.pe\/index.php?rest_route=%2Fwp%2Fv2%2Fcomments&post=6766"}],"wp:featuredmedia":[{"embeddable":true,"href":"https:\/\/tamishop.pe\/index.php?rest_route=\/wp\/v2\/media\/6610"}],"wp:attachment":[{"href":"https:\/\/tamishop.pe\/index.php?rest_route=%2Fwp%2Fv2%2Fmedia&parent=6766"}],"wp:term":[{"taxonomy":"product_brand","embeddable":true,"href":"https:\/\/tamishop.pe\/index.php?rest_route=%2Fwp%2Fv2%2Fproduct_brand&post=6766"},{"taxonomy":"product_cat","embeddable":true,"href":"https:\/\/tamishop.pe\/index.php?rest_route=%2Fwp%2Fv2%2Fproduct_cat&post=6766"},{"taxonomy":"product_tag","embeddable":true,"href":"https:\/\/tamishop.pe\/index.php?rest_route=%2Fwp%2Fv2%2Fproduct_tag&post=6766"}],"curies":[{"name":"wp","href":"https:\/\/api.w.org\/{rel}","templated":true}]}}