{"id":6753,"date":"2026-03-26T07:41:01","date_gmt":"2026-03-26T07:41:01","guid":{"rendered":"https:\/\/tamishop.pe\/?product=camara-logitech-b2b-bcc950-conferencecam-black-960-000866"},"modified":"2026-03-26T07:41:01","modified_gmt":"2026-03-26T07:41:01","slug":"camara-logitech-b2b-bcc950-conferencecam-black-960-000866","status":"publish","type":"product","link":"https:\/\/tamishop.pe\/?product=camara-logitech-b2b-bcc950-conferencecam-black-960-000866","title":{"rendered":"CAMARA LOGITECH B2B BCC950 CONFERENCECAM BLACK (960-000866)"},"content":{"rendered":"<p>Soluci\u00f3n todo-en-uno (B2B) para \u00abhuddle rooms\u00bb. Combina una c\u00e1mara HD 1080p con paneo\/tilt motorizado, un altavoz full-duplex y un control remoto. Dise\u00f1ada para que grupos peque\u00f1os (1-4 personas) realicen videollamadas f\u00e1cilmente.<\/p>\n","protected":false},"excerpt":{"rendered":"<p>Sistema de videoconferencia (B2B) todo-en-uno para grupos peque\u00f1os (1-4 personas). HD 1080p y altavoz integrado.<\/p>\n","protected":false},"featured_media":6623,"comment_status":"open","ping_status":"closed","template":"","meta":[],"product_brand":[],"product_cat":[734],"product_tag":[],"class_list":{"0":"post-6753","1":"product","2":"type-product","3":"status-publish","4":"has-post-thumbnail","6":"product_cat-camara","8":"first","9":"instock","10":"taxable","11":"shipping-taxable","12":"purchasable","13":"product-type-simple"},"_links":{"self":[{"href":"https:\/\/tamishop.pe\/index.php?rest_route=\/wp\/v2\/product\/6753","targetHints":{"allow":["GET"]}}],"collection":[{"href":"https:\/\/tamishop.pe\/index.php?rest_route=\/wp\/v2\/product"}],"about":[{"href":"https:\/\/tamishop.pe\/index.php?rest_route=\/wp\/v2\/types\/product"}],"replies":[{"embeddable":true,"href":"https:\/\/tamishop.pe\/index.php?rest_route=%2Fwp%2Fv2%2Fcomments&post=6753"}],"wp:featuredmedia":[{"embeddable":true,"href":"https:\/\/tamishop.pe\/index.php?rest_route=\/wp\/v2\/media\/6623"}],"wp:attachment":[{"href":"https:\/\/tamishop.pe\/index.php?rest_route=%2Fwp%2Fv2%2Fmedia&parent=6753"}],"wp:term":[{"taxonomy":"product_brand","embeddable":true,"href":"https:\/\/tamishop.pe\/index.php?rest_route=%2Fwp%2Fv2%2Fproduct_brand&post=6753"},{"taxonomy":"product_cat","embeddable":true,"href":"https:\/\/tamishop.pe\/index.php?rest_route=%2Fwp%2Fv2%2Fproduct_cat&post=6753"},{"taxonomy":"product_tag","embeddable":true,"href":"https:\/\/tamishop.pe\/index.php?rest_route=%2Fwp%2Fv2%2Fproduct_tag&post=6753"}],"curies":[{"name":"wp","href":"https:\/\/api.w.org\/{rel}","templated":true}]}}