{"id":6750,"date":"2026-03-26T07:41:00","date_gmt":"2026-03-26T07:41:00","guid":{"rendered":"https:\/\/tamishop.pe\/?product=camara-genius-facecam-1000x-hd-720p-usb-black-32200003400"},"modified":"2026-03-26T07:41:00","modified_gmt":"2026-03-26T07:41:00","slug":"camara-genius-facecam-1000x-hd-720p-usb-black-32200003400","status":"publish","type":"product","link":"https:\/\/tamishop.pe\/?product=camara-genius-facecam-1000x-hd-720p-usb-black-32200003400","title":{"rendered":"CAMARA GENIUS FACECAM 1000X HD 720P USB BLACK (32200003400)"},"content":{"rendered":"<p>La soluci\u00f3n m\u00e1s sencilla para videollamadas. Esta webcam ofrece una resoluci\u00f3n HD 720p clara y n\u00edtida. Es Plug and Play (no requiere drivers), se conecta v\u00eda USB 2.0 y cuenta con un micr\u00f3fono integrado.<\/p>\n","protected":false},"excerpt":{"rendered":"<p>Webcam HD 720p b\u00e1sica. Conexi\u00f3n USB 2.0, micr\u00f3fono integrado y lista para usar (Plug and Play).<\/p>\n","protected":false},"featured_media":6489,"comment_status":"open","ping_status":"closed","template":"","meta":[],"product_brand":[],"product_cat":[734],"product_tag":[],"class_list":{"0":"post-6750","1":"product","2":"type-product","3":"status-publish","4":"has-post-thumbnail","6":"product_cat-camara","8":"first","9":"instock","10":"taxable","11":"shipping-taxable","12":"purchasable","13":"product-type-simple"},"_links":{"self":[{"href":"https:\/\/tamishop.pe\/index.php?rest_route=\/wp\/v2\/product\/6750","targetHints":{"allow":["GET"]}}],"collection":[{"href":"https:\/\/tamishop.pe\/index.php?rest_route=\/wp\/v2\/product"}],"about":[{"href":"https:\/\/tamishop.pe\/index.php?rest_route=\/wp\/v2\/types\/product"}],"replies":[{"embeddable":true,"href":"https:\/\/tamishop.pe\/index.php?rest_route=%2Fwp%2Fv2%2Fcomments&post=6750"}],"wp:featuredmedia":[{"embeddable":true,"href":"https:\/\/tamishop.pe\/index.php?rest_route=\/wp\/v2\/media\/6489"}],"wp:attachment":[{"href":"https:\/\/tamishop.pe\/index.php?rest_route=%2Fwp%2Fv2%2Fmedia&parent=6750"}],"wp:term":[{"taxonomy":"product_brand","embeddable":true,"href":"https:\/\/tamishop.pe\/index.php?rest_route=%2Fwp%2Fv2%2Fproduct_brand&post=6750"},{"taxonomy":"product_cat","embeddable":true,"href":"https:\/\/tamishop.pe\/index.php?rest_route=%2Fwp%2Fv2%2Fproduct_cat&post=6750"},{"taxonomy":"product_tag","embeddable":true,"href":"https:\/\/tamishop.pe\/index.php?rest_route=%2Fwp%2Fv2%2Fproduct_tag&post=6750"}],"curies":[{"name":"wp","href":"https:\/\/api.w.org\/{rel}","templated":true}]}}