{"id":6734,"date":"2026-03-26T07:40:55","date_gmt":"2026-03-26T07:40:55","guid":{"rendered":"https:\/\/tamishop.pe\/?product=bolso-targus-convertible-city-fusion-14-grey-tbm571gl"},"modified":"2026-03-26T07:40:55","modified_gmt":"2026-03-26T07:40:55","slug":"bolso-targus-convertible-city-fusion-14-grey-tbm571gl","status":"publish","type":"product","link":"https:\/\/tamishop.pe\/?product=bolso-targus-convertible-city-fusion-14-grey-tbm571gl","title":{"rendered":"BOLSO TARGUS CONVERTIBLE CITY FUSION 14\u00bb GREY (TBM571GL)"},"content":{"rendered":"<p>Versatilidad total para el profesional urbano. Este bolso (hasta 14&#8243;) se transforma f\u00e1cilmente de malet\u00edn a bandolera o mochila. Su dise\u00f1o moderno en color gris es perfecto para el profesional que necesita flexibilidad.<\/p>\n","protected":false},"excerpt":{"rendered":"<p>Bolso convertible 3 en 1 (malet\u00edn, bandolera, mochila) para laptops de hasta 14&#8243;. Color gris.<\/p>\n","protected":false},"featured_media":6447,"comment_status":"open","ping_status":"closed","template":"","meta":[],"product_brand":[],"product_cat":[159],"product_tag":[],"class_list":{"0":"post-6734","1":"product","2":"type-product","3":"status-publish","4":"has-post-thumbnail","6":"product_cat-mochila","8":"first","9":"instock","10":"taxable","11":"shipping-taxable","12":"purchasable","13":"product-type-simple"},"_links":{"self":[{"href":"https:\/\/tamishop.pe\/index.php?rest_route=\/wp\/v2\/product\/6734","targetHints":{"allow":["GET"]}}],"collection":[{"href":"https:\/\/tamishop.pe\/index.php?rest_route=\/wp\/v2\/product"}],"about":[{"href":"https:\/\/tamishop.pe\/index.php?rest_route=\/wp\/v2\/types\/product"}],"replies":[{"embeddable":true,"href":"https:\/\/tamishop.pe\/index.php?rest_route=%2Fwp%2Fv2%2Fcomments&post=6734"}],"wp:featuredmedia":[{"embeddable":true,"href":"https:\/\/tamishop.pe\/index.php?rest_route=\/wp\/v2\/media\/6447"}],"wp:attachment":[{"href":"https:\/\/tamishop.pe\/index.php?rest_route=%2Fwp%2Fv2%2Fmedia&parent=6734"}],"wp:term":[{"taxonomy":"product_brand","embeddable":true,"href":"https:\/\/tamishop.pe\/index.php?rest_route=%2Fwp%2Fv2%2Fproduct_brand&post=6734"},{"taxonomy":"product_cat","embeddable":true,"href":"https:\/\/tamishop.pe\/index.php?rest_route=%2Fwp%2Fv2%2Fproduct_cat&post=6734"},{"taxonomy":"product_tag","embeddable":true,"href":"https:\/\/tamishop.pe\/index.php?rest_route=%2Fwp%2Fv2%2Fproduct_tag&post=6734"}],"curies":[{"name":"wp","href":"https:\/\/api.w.org\/{rel}","templated":true}]}}