{"id":6714,"date":"2026-03-26T07:40:46","date_gmt":"2026-03-26T07:40:46","guid":{"rendered":"https:\/\/tamishop.pe\/?product=audifono-c-microf-logitech-h151-stereo-black-981-000587-uy"},"modified":"2026-03-26T07:40:47","modified_gmt":"2026-03-26T07:40:47","slug":"audifono-c-microf-logitech-h151-stereo-black-981-000587-uy","status":"publish","type":"product","link":"https:\/\/tamishop.pe\/?product=audifono-c-microf-logitech-h151-stereo-black-981-000587-uy","title":{"rendered":"AUDIFONO C\/MICROF. LOGITECH H151 STEREO BLACK (981-000587)-UY"},"content":{"rendered":"<p>La soluci\u00f3n sencilla para llamadas. Aud\u00edfonos est\u00e9reo con conexi\u00f3n universal de 3.5mm (jack \u00fanico TRRS), compatibles con PC, tablets y smartphones. Cuentan con un micr\u00f3fono que gira 180\u00b0 y controles de volumen en el cable.<\/p>\n","protected":false},"excerpt":{"rendered":"<p>Aud\u00edfonos est\u00e9reo multiplataforma (3.5mm) con micr\u00f3fono giratorio. Ideal para llamadas en PC, tablet o m\u00f3vil.<\/p>\n","protected":false},"featured_media":6600,"comment_status":"open","ping_status":"closed","template":"","meta":[],"product_brand":[],"product_cat":[729],"product_tag":[],"class_list":{"0":"post-6714","1":"product","2":"type-product","3":"status-publish","4":"has-post-thumbnail","6":"product_cat-audifonos-3","8":"first","9":"instock","10":"taxable","11":"shipping-taxable","12":"purchasable","13":"product-type-simple"},"_links":{"self":[{"href":"https:\/\/tamishop.pe\/index.php?rest_route=\/wp\/v2\/product\/6714","targetHints":{"allow":["GET"]}}],"collection":[{"href":"https:\/\/tamishop.pe\/index.php?rest_route=\/wp\/v2\/product"}],"about":[{"href":"https:\/\/tamishop.pe\/index.php?rest_route=\/wp\/v2\/types\/product"}],"replies":[{"embeddable":true,"href":"https:\/\/tamishop.pe\/index.php?rest_route=%2Fwp%2Fv2%2Fcomments&post=6714"}],"wp:featuredmedia":[{"embeddable":true,"href":"https:\/\/tamishop.pe\/index.php?rest_route=\/wp\/v2\/media\/6600"}],"wp:attachment":[{"href":"https:\/\/tamishop.pe\/index.php?rest_route=%2Fwp%2Fv2%2Fmedia&parent=6714"}],"wp:term":[{"taxonomy":"product_brand","embeddable":true,"href":"https:\/\/tamishop.pe\/index.php?rest_route=%2Fwp%2Fv2%2Fproduct_brand&post=6714"},{"taxonomy":"product_cat","embeddable":true,"href":"https:\/\/tamishop.pe\/index.php?rest_route=%2Fwp%2Fv2%2Fproduct_cat&post=6714"},{"taxonomy":"product_tag","embeddable":true,"href":"https:\/\/tamishop.pe\/index.php?rest_route=%2Fwp%2Fv2%2Fproduct_tag&post=6714"}],"curies":[{"name":"wp","href":"https:\/\/api.w.org\/{rel}","templated":true}]}}